{"id":73,"date":"2025-02-25T21:20:10","date_gmt":"2025-02-25T21:20:10","guid":{"rendered":"http:\/\/poz-dobra.pl\/?page_id=73"},"modified":"2025-02-25T21:20:10","modified_gmt":"2025-02-25T21:20:10","slug":"rehabilitacja","status":"publish","type":"page","link":"https:\/\/poz-dobra.pl\/index.php\/rehabilitacja\/","title":{"rendered":"Rehabilitacja"},"content":{"rendered":"\n<p>O\u015brodek rehabilitacji dzieci z zaburzeniami wieku rozwojowego w oddziale\/o\u015brodku dziennym<\/p>\n\n\n\n<p><strong>Personel<\/strong>:<\/p>\n\n\n\n<p>lek. Beata Jasi\u0144ska \u2013 specjalista neurologii dzieci\u0119cej<br>lek. Nadia Lotocka \u2013 specjalista balneologii i medycyny fizykalnej<br>mgr Kurczab Ma\u0142gorzata \u2013 psycholog, psychoterapeuta poznawczo behawioralny<br>mgr Danuta Dawiec \u2013 specjalista fizoterapii<br>Romana Przybytek \u2013 Fizjoterapeuta<br>mgr Michalczyk Joanna \u2013 Fizjoterapeuta<br>mgr Olesiak Dorota \u2013 neurologopeda<br>mgr Walczak Maria \u2013 neurologopeda<br>mgr \u015awi\u0105tek Agnieszka- pedagog specjalny<br>mgr Mi\u015bkowiec Ewa- pedagog specjalny<\/p>\n\n\n\n<p>W Samodzielnym Publicznym Zak\u0142adzie Podstawowej Opieki Zdrowotnej W Dobrej zosta\u0142 uruchomiony Dzienny O\u015brodek Rehabilitacji Dzieci z Problemami Rozwojowymi, kt\u00f3ry posiada podpisan\u0105 umow\u0119 z Narodowym Funduszem Zdrowia.<\/p>\n\n\n\n<p>O\u015brodek \u015bci\u015ble wsp\u00f3\u0142pracuje z rodzicami lub opiekunami dziecka. Wsp\u00f3\u0142praca polega na uczestnictwie (w miar\u0119 mo\u017cliwo\u015bci) podczas pracy terapeuty z dzieckiem, poradnictwie, instrukta\u017cu w kwestii zalece\u0144 post\u0119powania rehabilitacyjnego.<\/p>\n\n\n\n<p><strong>Leczenie usprawniaj\u0105ce dzieci obejmuje:<\/strong><\/p>\n\n\n\n<ul class=\"wp-block-list\">\n<li>porad\u0119 lekarsk\u0105;<\/li>\n\n\n\n<li>\u015bwiadczenia terapeutyczne z zakresu kinezyterapii;<\/li>\n\n\n\n<li>\u015bwiadczenia z zakresu terapii psychologicznej;<\/li>\n\n\n\n<li>\u015bwiadczenia z zakresu terapii logopedycznej;<\/li>\n\n\n\n<li>\u015bwiadczenia z zakresu terapii neurologopedycznej;<\/li>\n\n\n\n<li>\u015bwiadczenia z zakresu terapii zaj\u0119ciowej.<\/li>\n<\/ul>\n","protected":false},"excerpt":{"rendered":"<p>O\u015brodek rehabilitacji dzieci z zaburzeniami wieku rozwojowego w oddziale\/o\u015brodku dziennym Personel: lek. Beata Jasi\u0144ska \u2013 specjalista neurologii dzieci\u0119cejlek. Nadia Lotocka \u2013 specjalista balneologii i medycyny fizykalnejmgr Kurczab Ma\u0142gorzata \u2013 psycholog, psychoterapeuta poznawczo behawioralnymgr Danuta Dawiec \u2013 specjalista fizoterapiiRomana Przybytek \u2013 Fizjoterapeutamgr Michalczyk Joanna \u2013 Fizjoterapeutamgr Olesiak Dorota \u2013 neurologopedamgr Walczak Maria \u2013 neurologopedamgr \u015awi\u0105tek Agnieszka-&hellip;&nbsp;<a href=\"https:\/\/poz-dobra.pl\/index.php\/rehabilitacja\/\" rel=\"bookmark\">Dowiedz si\u0119 wi\u0119cej &raquo;<span class=\"screen-reader-text\">Rehabilitacja<\/span><\/a><\/p>\n","protected":false},"author":1,"featured_media":0,"parent":0,"menu_order":0,"comment_status":"closed","ping_status":"closed","template":"","meta":{"neve_meta_sidebar":"","neve_meta_container":"","neve_meta_enable_content_width":"","neve_meta_content_width":0,"neve_meta_title_alignment":"","neve_meta_author_avatar":"","neve_post_elements_order":"","neve_meta_disable_header":"","neve_meta_disable_footer":"","neve_meta_disable_title":"","footnotes":""},"class_list":["post-73","page","type-page","status-publish","hentry"],"_links":{"self":[{"href":"https:\/\/poz-dobra.pl\/index.php\/wp-json\/wp\/v2\/pages\/73","targetHints":{"allow":["GET"]}}],"collection":[{"href":"https:\/\/poz-dobra.pl\/index.php\/wp-json\/wp\/v2\/pages"}],"about":[{"href":"https:\/\/poz-dobra.pl\/index.php\/wp-json\/wp\/v2\/types\/page"}],"author":[{"embeddable":true,"href":"https:\/\/poz-dobra.pl\/index.php\/wp-json\/wp\/v2\/users\/1"}],"replies":[{"embeddable":true,"href":"https:\/\/poz-dobra.pl\/index.php\/wp-json\/wp\/v2\/comments?post=73"}],"version-history":[{"count":1,"href":"https:\/\/poz-dobra.pl\/index.php\/wp-json\/wp\/v2\/pages\/73\/revisions"}],"predecessor-version":[{"id":74,"href":"https:\/\/poz-dobra.pl\/index.php\/wp-json\/wp\/v2\/pages\/73\/revisions\/74"}],"wp:attachment":[{"href":"https:\/\/poz-dobra.pl\/index.php\/wp-json\/wp\/v2\/media?parent=73"}],"curies":[{"name":"wp","href":"https:\/\/api.w.org\/{rel}","templated":true}]}}