{"id":191,"date":"2025-03-14T12:57:15","date_gmt":"2025-03-14T12:57:15","guid":{"rendered":"https:\/\/poz-dobra.pl\/?page_id=191"},"modified":"2025-03-14T12:57:15","modified_gmt":"2025-03-14T12:57:15","slug":"polityka-prywatnosci","status":"publish","type":"page","link":"https:\/\/poz-dobra.pl\/index.php\/polityka-prywatnosci\/","title":{"rendered":"Polityka prywatno\u015bci"},"content":{"rendered":"\n<p><\/p>\n\n\n\n<p>I. Postanowienia og\u00f3lne<\/p>\n\n\n\n<p>W sprawach nieuregulowanych w niniejszej Polityce prywatno\u015bci obowi\u0105zuj\u0105 przepisy RODO i przepisy prawa polskiego.<\/p>\n\n\n\n<p>Polityka prywatno\u015bci okre\u015bla, jak zbierane, przetwarzane i przechowywane s\u0105 dane osobowe U\u017cytkownik\u00f3w niezb\u0119dne do \u015bwiadczenia us\u0142ug drog\u0105 elektroniczn\u0105 za po\u015brednictwem serwisu internetowego poz-dobra.pl (dalej: Serwis).<\/p>\n\n\n\n<p>Serwis zbiera wy\u0142\u0105cznie dane osobowe niezb\u0119dne do \u015bwiadczenia i rozwoju us\u0142ug w nim oferowanych.<\/p>\n\n\n\n<p>Dane osobowe zbierane za po\u015brednictwem Serwisu s\u0105 przetwarzane zgodnie z Rozporz\u0105dzeniem Parlamentu Europejskiego i Rady (UE) 2016\/679 z dnia 27 kwietnia 2016 r. w sprawie ochrony os\u00f3b fizycznych w zwi\u0105zku z przetwarzaniem danych osobowych i w sprawie swobodnego przep\u0142ywu takich danych oraz uchylenia dyrektywy 95\/46\/WE (og\u00f3lne rozporz\u0105dzenie o ochronie danych, dalej RODO) oraz ustaw\u0105 o ochronie danych osobowych z dnia 10 maja 2018 r.<br><\/p>\n\n\n\n<p>II. Administrator danych<br>Administratorem danych osobowych zbieranych poprzez Serwis jest Samodzielny Publiczny Zak\u0142ad Podstawowej Opieki Zdrowotnej, adres: 34-642 Dobra 545, NIP: 7371801198, REGON: 491981440, adres poczty elektronicznej: poz@poz-dobra.pl (dalej: Administrator).<br><\/p>\n\n\n\n<p>III. Cel zbierania danych osobowych<\/p>\n\n\n\n<p>Dane osobowe wykorzystywane s\u0105 w celu:<br>o komunikacji z U\u017cytkownikiem (formularz kontaktowy itp.)<br>o promocji oferty Administratora,<br>o personalizacji Serwisu dla U\u017cytkownik\u00f3w,<br>o dzia\u0142a\u0144 analitycznych i statystycznych,<br>o ustalenia i dochodzenia roszcze\u0144 albo obrony przed nimi.<\/p>\n\n\n\n<p>Podanie danych jest dobrowolne, ale niezb\u0119dne do zawarcia umowy albo skorzystania z innych funkcjonalno\u015bci Serwisu.<br><\/p>\n\n\n\n<p>IV. Rodzaj przetwarzanych danych osobowych<br>Administrator mo\u017ce przetwarza\u0107 dane osobowe U\u017cytkownika: imi\u0119 i nazwisko, data urodzenia, adres zamieszkania, adres e-mail, numer telefonu, NIP.<br><\/p>\n\n\n\n<p>V. Okres przetwarzania danych osobowych<br>Dane osobowe U\u017cytkownik\u00f3w b\u0119d\u0105 przetwarzane przez okres:<br>\u2022 gdy podstaw\u0105 przetwarzania danych jest wykonanie umowy \u2013 do momentu przedawnienia roszcze\u0144 po jej wykonaniu,<br>\u2022 gdy podstaw\u0105 przetwarzania danych jest zgoda \u2013 do momentu jej odwo\u0142ania, a po odwo\u0142aniu zgody do przedawnienia roszcze\u0144.<br>W obu przypadkach termin przedawnienia wynosi 6 lat, a dla roszcze\u0144 o \u015bwiadczenia okresowe i roszcze\u0144 dotycz\u0105cych prowadzenia dzia\u0142alno\u015bci gospodarczej \u2013 3 lata (je\u015bli przepis szczeg\u00f3lny nie stanowi inaczej).<br><\/p>\n\n\n\n<p>VI. Udost\u0119pnianie danych osobowych<\/p>\n\n\n\n<p>Dane osobowe U\u017cytkownik\u00f3w mog\u0105 by\u0107 przekazywane: podmiotom powi\u0105zanym z Administratorem, jego podwykonawcom, podmiotom wsp\u00f3\u0142pracuj\u0105cym z Administratorem np. firmom obs\u0142uguj\u0105cym e-p\u0142atno\u015bci, firmom \u015bwiadcz\u0105cym us\u0142ugi kurierskie\/pocztowe, kancelariom prawnym.<\/p>\n\n\n\n<p>Dane osobowe U\u017cytkownik\u00f3w nie b\u0119d\u0105 przekazywane poza teren Europejskiego Obszaru Gospodarczego (EOG).<br><\/p>\n\n\n\n<p>VII. Prawa U\u017cytkownik\u00f3w<\/p>\n\n\n\n<p>U\u017cytkownik Serwisu ma prawo do: dost\u0119pu do tre\u015bci swoich danych osobowych, ich sprostowania, usuni\u0119cia, ograniczenia przetwarzania, przenoszenia, wniesienia sprzeciwu wobec przetwarzania, cofni\u0119cia zgody w ka\u017cdej chwili (co nie ma wp\u0142ywu na zgodno\u015b\u0107 z prawem przetwarzania dokonanego w oparciu o zgod\u0119 przed jej cofni\u0119ciem).<\/p>\n\n\n\n<p>Zg\u0142oszenie o wyst\u0105pieniu przez U\u017cytkownika z uprawnieniem wynikaj\u0105cym z wymienionych praw nale\u017cy przes\u0142a\u0107 na adres poz@poz-dobra.pl<\/p>\n\n\n\n<p>Administrator spe\u0142nia lub odmawia spe\u0142nienia \u017c\u0105dania niezw\u0142ocznie \u2013 maksymalnie w ci\u0105gu miesi\u0105ca od jego otrzymania.<\/p>\n\n\n\n<p>U\u017cytkownik ma prawo z\u0142o\u017cy\u0107 skarg\u0119 do Prezesa Urz\u0119du Ochrony Danych Osobowych, je\u015bli uzna, \u017ce przetwarzanie narusza jego prawa i wolno\u015bci (RODO).<br>VIII. Pliki cookies<\/p>\n\n\n\n<p>Serwis zbiera informacje za pomoc\u0105 plik\u00f3w cookies \u2013 sesyjnych, sta\u0142ych i podmiot\u00f3w zewn\u0119trznych.<\/p>\n\n\n\n<p>Zbieranie plik\u00f3w cookies wspiera poprawne \u015bwiadczenie us\u0142ug w Serwisie i s\u0142u\u017cy celom statystycznym.<\/p>\n\n\n\n<p>U\u017cytkownik mo\u017ce okre\u015bli\u0107 zakres dost\u0119pu plik\u00f3w cookies do swojego urz\u0105dzenia w ustawieniach przegl\u0105darki.<br>IX. Zautomatyzowane podejmowanie decyzji i profilowanie<\/p>\n\n\n\n<p>Dane U\u017cytkownik\u00f3w nie mog\u0105 by\u0107 przetwarzane w zautomatyzowany spos\u00f3b tak, \u017ce na skutek tego mog\u0142yby zapa\u015b\u0107 wobec nich jakiekolwiek decyzje.<\/p>\n\n\n\n<p>Dane U\u017cytkownik\u00f3w mog\u0105 by\u0107 profilowane celem dostosowania tre\u015bci i personalizacji oferty po wyra\u017ceniu przez nich zgody.<br>X. Postanowienia ko\u0144cowe<\/p>\n\n\n\n<p>Administrator ma prawo do wprowadzenia zmian w Polityce prywatno\u015bci, przy czym prawa U\u017cytkownik\u00f3w nie zostan\u0105 ograniczone.<\/p>\n\n\n\n<p>Informacja o wprowadzonych zmianach pojawi si\u0119 w formie komunikatu dost\u0119pnego w Serwisie.<\/p>\n","protected":false},"excerpt":{"rendered":"<p>I. Postanowienia og\u00f3lne W sprawach nieuregulowanych w niniejszej Polityce prywatno\u015bci obowi\u0105zuj\u0105 przepisy RODO i przepisy prawa polskiego. Polityka prywatno\u015bci okre\u015bla, jak zbierane, przetwarzane i przechowywane s\u0105 dane osobowe U\u017cytkownik\u00f3w niezb\u0119dne do \u015bwiadczenia us\u0142ug drog\u0105 elektroniczn\u0105 za po\u015brednictwem serwisu internetowego poz-dobra.pl (dalej: Serwis). Serwis zbiera wy\u0142\u0105cznie dane osobowe niezb\u0119dne do \u015bwiadczenia i rozwoju us\u0142ug w nim&hellip;&nbsp;<a href=\"https:\/\/poz-dobra.pl\/index.php\/polityka-prywatnosci\/\" rel=\"bookmark\">Dowiedz si\u0119 wi\u0119cej &raquo;<span class=\"screen-reader-text\">Polityka prywatno\u015bci<\/span><\/a><\/p>\n","protected":false},"author":1,"featured_media":0,"parent":0,"menu_order":0,"comment_status":"closed","ping_status":"closed","template":"","meta":{"neve_meta_sidebar":"","neve_meta_container":"","neve_meta_enable_content_width":"","neve_meta_content_width":0,"neve_meta_title_alignment":"","neve_meta_author_avatar":"","neve_post_elements_order":"","neve_meta_disable_header":"","neve_meta_disable_footer":"","neve_meta_disable_title":"","footnotes":""},"class_list":["post-191","page","type-page","status-publish","hentry"],"_links":{"self":[{"href":"https:\/\/poz-dobra.pl\/index.php\/wp-json\/wp\/v2\/pages\/191","targetHints":{"allow":["GET"]}}],"collection":[{"href":"https:\/\/poz-dobra.pl\/index.php\/wp-json\/wp\/v2\/pages"}],"about":[{"href":"https:\/\/poz-dobra.pl\/index.php\/wp-json\/wp\/v2\/types\/page"}],"author":[{"embeddable":true,"href":"https:\/\/poz-dobra.pl\/index.php\/wp-json\/wp\/v2\/users\/1"}],"replies":[{"embeddable":true,"href":"https:\/\/poz-dobra.pl\/index.php\/wp-json\/wp\/v2\/comments?post=191"}],"version-history":[{"count":1,"href":"https:\/\/poz-dobra.pl\/index.php\/wp-json\/wp\/v2\/pages\/191\/revisions"}],"predecessor-version":[{"id":196,"href":"https:\/\/poz-dobra.pl\/index.php\/wp-json\/wp\/v2\/pages\/191\/revisions\/196"}],"wp:attachment":[{"href":"https:\/\/poz-dobra.pl\/index.php\/wp-json\/wp\/v2\/media?parent=191"}],"curies":[{"name":"wp","href":"https:\/\/api.w.org\/{rel}","templated":true}]}}

Polityka prywatności

<p></p>



<p>I. Postanowienia ogólne</p>



<p>W sprawach nieuregulowanych w niniejszej Polityce prywatności obowiązują przepisy RODO i przepisy prawa polskiego.</p>



<p>Polityka prywatności określa, jak zbierane, przetwarzane i przechowywane są dane osobowe Użytkowników niezbędne do świadczenia usług drogą elektroniczną za pośrednictwem serwisu internetowego poz-dobra.pl (dalej: Serwis).</p>



<p>Serwis zbiera wyłącznie dane osobowe niezbędne do świadczenia i rozwoju usług w nim oferowanych.</p>



<p>Dane osobowe zbierane za pośrednictwem Serwisu są przetwarzane zgodnie z Rozporządzeniem Parlamentu Europejskiego i Rady (UE) 2016/679 z dnia 27 kwietnia 2016 r. w sprawie ochrony osób fizycznych w związku z przetwarzaniem danych osobowych i w sprawie swobodnego przepływu takich danych oraz uchylenia dyrektywy 95/46/WE (ogólne rozporządzenie o ochronie danych, dalej RODO) oraz ustawą o ochronie danych osobowych z dnia 10 maja 2018 r.<br></p>



<p>II. Administrator danych<br>Administratorem danych osobowych zbieranych poprzez Serwis jest Samodzielny Publiczny Zakład Podstawowej Opieki Zdrowotnej, adres: 34-642 Dobra 545, NIP: 7371801198, REGON: 491981440, adres poczty elektronicznej: poz@poz-dobra.pl (dalej: Administrator).<br></p>



<p>III. Cel zbierania danych osobowych</p>



<p>Dane osobowe wykorzystywane są w celu:<br>o komunikacji z Użytkownikiem (formularz kontaktowy itp.)<br>o promocji oferty Administratora,<br>o personalizacji Serwisu dla Użytkowników,<br>o działań analitycznych i statystycznych,<br>o ustalenia i dochodzenia roszczeń albo obrony przed nimi.</p>



<p>Podanie danych jest dobrowolne, ale niezbędne do zawarcia umowy albo skorzystania z innych funkcjonalności Serwisu.<br></p>



<p>IV. Rodzaj przetwarzanych danych osobowych<br>Administrator może przetwarzać dane osobowe Użytkownika: imię i nazwisko, data urodzenia, adres zamieszkania, adres e-mail, numer telefonu, NIP.<br></p>



<p>V. Okres przetwarzania danych osobowych<br>Dane osobowe Użytkowników będą przetwarzane przez okres:<br>• gdy podstawą przetwarzania danych jest wykonanie umowy – do momentu przedawnienia roszczeń po jej wykonaniu,<br>• gdy podstawą przetwarzania danych jest zgoda – do momentu jej odwołania, a po odwołaniu zgody do przedawnienia roszczeń.<br>W obu przypadkach termin przedawnienia wynosi 6 lat, a dla roszczeń o świadczenia okresowe i roszczeń dotyczących prowadzenia działalności gospodarczej – 3 lata (jeśli przepis szczególny nie stanowi inaczej).<br></p>



<p>VI. Udostępnianie danych osobowych</p>



<p>Dane osobowe Użytkowników mogą być przekazywane: podmiotom powiązanym z Administratorem, jego podwykonawcom, podmiotom współpracującym z Administratorem np. firmom obsługującym e-płatności, firmom świadczącym usługi kurierskie/pocztowe, kancelariom prawnym.</p>



<p>Dane osobowe Użytkowników nie będą przekazywane poza teren Europejskiego Obszaru Gospodarczego (EOG).<br></p>



<p>VII. Prawa Użytkowników</p>



<p>Użytkownik Serwisu ma prawo do: dostępu do treści swoich danych osobowych, ich sprostowania, usunięcia, ograniczenia przetwarzania, przenoszenia, wniesienia sprzeciwu wobec przetwarzania, cofnięcia zgody w każdej chwili (co nie ma wpływu na zgodność z prawem przetwarzania dokonanego w oparciu o zgodę przed jej cofnięciem).</p>



<p>Zgłoszenie o wystąpieniu przez Użytkownika z uprawnieniem wynikającym z wymienionych praw należy przesłać na adres poz@poz-dobra.pl</p>



<p>Administrator spełnia lub odmawia spełnienia żądania niezwłocznie – maksymalnie w ciągu miesiąca od jego otrzymania.</p>



<p>Użytkownik ma prawo złożyć skargę do Prezesa Urzędu Ochrony Danych Osobowych, jeśli uzna, że przetwarzanie narusza jego prawa i wolności (RODO).<br>VIII. Pliki cookies</p>



<p>Serwis zbiera informacje za pomocą plików cookies – sesyjnych, stałych i podmiotów zewnętrznych.</p>



<p>Zbieranie plików cookies wspiera poprawne świadczenie usług w Serwisie i służy celom statystycznym.</p>



<p>Użytkownik może określić zakres dostępu plików cookies do swojego urządzenia w ustawieniach przeglądarki.<br>IX. Zautomatyzowane podejmowanie decyzji i profilowanie</p>



<p>Dane Użytkowników nie mogą być przetwarzane w zautomatyzowany sposób tak, że na skutek tego mogłyby zapaść wobec nich jakiekolwiek decyzje.</p>



<p>Dane Użytkowników mogą być profilowane celem dostosowania treści i personalizacji oferty po wyrażeniu przez nich zgody.<br>X. Postanowienia końcowe</p>



<p>Administrator ma prawo do wprowadzenia zmian w Polityce prywatności, przy czym prawa Użytkowników nie zostaną ograniczone.</p>



<p>Informacja o wprowadzonych zmianach pojawi się w formie komunikatu dostępnego w Serwisie.</p>

<p>I. Postanowienia ogólne W sprawach nieuregulowanych w niniejszej Polityce prywatności obowiązują przepisy RODO i przepisy prawa polskiego. Polityka prywatności określa, jak zbierane, przetwarzane i przechowywane są dane osobowe Użytkowników niezbędne do świadczenia usług drogą elektroniczną za pośrednictwem serwisu internetowego poz-dobra.pl (dalej: Serwis). Serwis zbiera wyłącznie dane osobowe niezbędne do świadczenia i rozwoju usług w nim&hellip;&nbsp;<a href="https://poz-dobra.pl/index.php/polityka-prywatnosci/" rel="bookmark">Dowiedz się więcej &raquo;<span class="screen-reader-text">Polityka prywatności</span></a></p>
